{"id":44,"date":"2013-01-16T20:17:27","date_gmt":"2013-01-16T19:17:27","guid":{"rendered":"http:\/\/www.union-staw.at\/wp\/?page_id=44"},"modified":"2024-02-18T06:48:18","modified_gmt":"2024-02-18T05:48:18","slug":"mitgliedschaften","status":"publish","type":"page","link":"https:\/\/www.union-staw.at\/?page_id=44","title":{"rendered":"Mitgliedschaften"},"content":{"rendered":"<h2><strong>Mitgliedschaften im UTC St. Andr\u00e4 \u2013 W\u00f6rdern<\/strong><\/h2>\n<p>&nbsp;<\/p>\n<p><strong>Regul\u00e4re Mitgliedschaften:<\/strong><\/p>\n<p>Regul\u00e4re Mitglieder sind berechtigt die Einrichtungen des UTC gem\u00e4\u00df der Platzordnung uneingeschr\u00e4nkt zu ben\u00fctzen.<br \/>\n<strong>Erwachsene:<\/strong> \u00a0 \u00a0 \u00a0 \u00a0 \u00a0 \u00a0 \u00a0 \u00a0 \u00a0Mitgliedsbeitrag pro Jahr \u20ac 210,-\u00a0(ohne Abzug von geleisteten Arbeitsstunden, siehe &#8222;Sonstiges&#8220;)<\/p>\n<hr \/>\n<p><strong>Jugendliche<\/strong>\u00a0sind Clubmitglieder die das 15. Lebensjahr vollendet haben, bis zur Vollendung des 18. Lebensjahres. Bei Bestechen eines Ausbildungsverh\u00e4ltnisses (Schule, Lehre, Studium etc.) bis zur Vollendung des 26. Lebensjahres.<\/p>\n<p>Mitgliedsbeitrag pro Jahr \u20ac 60,-<\/p>\n<hr \/>\n<p><strong>Kinder\u00a0<\/strong>sind Clubmitglieder, welche das 15. Lebensjahr noch nicht vollendet haben.<\/p>\n<p>Mitgliedsbeitrag pro Jahr \u20ac 30,-<\/p>\n<hr \/>\n<p><strong>Allgemeines:<\/strong><\/p>\n<p>Jedes Mitglied (ausgenommen Kinder und Jugendliche bis zur Vollendung des 17. Lebensjahres) kann pro Saison 8 Arbeitsstunden f\u00fcr die Betreuung der Clubanlage leisten. F\u00fcr geleistete Stunden werden dem Mitglied \u20ac 8,00 pro Stunde bei der n\u00e4chsten Vorschreibung abgegolten.<\/p>\n<p>Jedes Mitglied (ab Vollendung des 12. Lebensjahres) erh\u00e4lt einen Schl\u00fcssel f\u00fcr die Tennisanlage f\u00fcr den ein Einsatz in H\u00f6he von \u20ac 36,- zu leisten ist.<\/p>\n<p>Alle Mitglieder verpflichten sich die Platzordnung des UTC StAW einzuhalten.<\/p>\n<p>&nbsp;<\/p>\n","protected":false},"excerpt":{"rendered":"<p>Mitgliedschaften im UTC St. Andr\u00e4 \u2013 W\u00f6rdern &nbsp; Regul\u00e4re Mitgliedschaften: Regul\u00e4re Mitglieder sind berechtigt die Einrichtungen des UTC gem\u00e4\u00df der Platzordnung uneingeschr\u00e4nkt zu ben\u00fctzen. Erwachsene: \u00a0 \u00a0 \u00a0 \u00a0 \u00a0 \u00a0 \u00a0 \u00a0 \u00a0Mitgliedsbeitrag pro Jahr \u20ac 210,-\u00a0(ohne Abzug von \u2026 <a class=\"continue-reading-link\" href=\"https:\/\/www.union-staw.at\/?page_id=44\">weiterlesen <span class=\"meta-nav\">&rarr; <\/span><\/a><\/p>\n","protected":false},"author":2,"featured_media":0,"parent":40,"menu_order":0,"comment_status":"closed","ping_status":"closed","template":"","meta":{"footnotes":""},"class_list":["post-44","page","type-page","status-publish","hentry"],"_links":{"self":[{"href":"https:\/\/www.union-staw.at\/index.php?rest_route=\/wp\/v2\/pages\/44","targetHints":{"allow":["GET"]}}],"collection":[{"href":"https:\/\/www.union-staw.at\/index.php?rest_route=\/wp\/v2\/pages"}],"about":[{"href":"https:\/\/www.union-staw.at\/index.php?rest_route=\/wp\/v2\/types\/page"}],"author":[{"embeddable":true,"href":"https:\/\/www.union-staw.at\/index.php?rest_route=\/wp\/v2\/users\/2"}],"replies":[{"embeddable":true,"href":"https:\/\/www.union-staw.at\/index.php?rest_route=%2Fwp%2Fv2%2Fcomments&post=44"}],"version-history":[{"count":23,"href":"https:\/\/www.union-staw.at\/index.php?rest_route=\/wp\/v2\/pages\/44\/revisions"}],"predecessor-version":[{"id":7795,"href":"https:\/\/www.union-staw.at\/index.php?rest_route=\/wp\/v2\/pages\/44\/revisions\/7795"}],"up":[{"embeddable":true,"href":"https:\/\/www.union-staw.at\/index.php?rest_route=\/wp\/v2\/pages\/40"}],"wp:attachment":[{"href":"https:\/\/www.union-staw.at\/index.php?rest_route=%2Fwp%2Fv2%2Fmedia&parent=44"}],"curies":[{"name":"wp","href":"https:\/\/api.w.org\/{rel}","templated":true}]}}