{"id":1787,"date":"2013-04-04T10:28:45","date_gmt":"2013-04-04T09:28:45","guid":{"rendered":"http:\/\/www.union-staw.at\/?page_id=1787"},"modified":"2013-05-27T15:08:36","modified_gmt":"2013-05-27T14:08:36","slug":"union-tt-landesmeisterschaft-2013","status":"publish","type":"page","link":"https:\/\/www.union-staw.at\/?page_id=1787","title":{"rendered":"TT Landesmeisterschaft der Sportunion Nieder\u00f6sterreich 2013"},"content":{"rendered":"<h1><span style=\"font-size: 16px;\">(N\u00d6TTV Ranglistenturnier)<\/span><\/h1>\n<p>Sa. 25. Mai und So. 26. Mai 2013<br \/>\n<span style=\"font-size: 16px;\">Volksschule St. Andr\u00e4-W\u00f6rdern \/ Turnhalle<br \/>\n<\/span><span style=\"font-size: 16px;\">Greifensteinerstra\u00dfe 22<br \/>\n<\/span><span style=\"font-size: 16px;\">3423 St. Andr\u00e4-W\u00f6rdern<\/span><\/p>\n<h2>Bilder vom Turnier<\/h2>\n<ul>\n<li><a href=\"https:\/\/picasaweb.google.com\/100701931013007751085\/20130525UNIONLM2013AKSen\" target=\"_blank\">Bilder Allgemeine Klasse und Senioren<\/a><\/li>\n<li><a href=\"https:\/\/picasaweb.google.com\/100701931013007751085\/20130526UNIONLM2013NW\" target=\"_blank\">Bilder Nachwuchs<\/a><\/li>\n<\/ul>\n<h2>Ergebnisse<\/h2>\n<ul>\n<li><a href=\"https:\/\/dl.dropboxusercontent.com\/u\/48819722\/union_lm\/Union-LM_2013-AK_Ergebnisse.pdf\" target=\"_blank\"><span style=\"line-height: 15.989583969116211px;\">Ergebnisse Allgemeine Klasse und Senioren (pdf)<\/span><\/a><\/li>\n<li><a href=\"https:\/\/dl.dropboxusercontent.com\/u\/48819722\/union_lm\/Union-LM_2013-NW_Ergebnisse.pdf\" target=\"_blank\">Ergebnisse Nachwuchs (pdf)<\/a><\/li>\n<\/ul>\n<table>\n<tbody>\n<tr>\n<td align=\"center\"><strong>Ergebnisse Allg. Klasse und Senioren<br \/>\n<\/strong><\/td>\n<td align=\"center\"><strong>Ergebnisse Nachwuchs<\/strong><\/td>\n<\/tr>\n<tr>\n<td align=\"center\"><a href=\"http:\/\/dl.dropboxusercontent.com\/u\/48819722\/union_lm\/Einzel_Offen.htm\" target=\"_blank\">Einzel Offen<\/a><\/td>\n<td align=\"center\"><a href=\"http:\/\/dl.dropboxusercontent.com\/u\/48819722\/union_lm\/U18.htm\" target=\"_blank\">U18<\/a>\u00a0-&gt; <a href=\"https:\/\/dl.dropboxusercontent.com\/u\/48819722\/union_lm\/U18F.htm\" target=\"_blank\">Finalrunde<\/a><\/td>\n<\/tr>\n<tr>\n<td align=\"center\"><a href=\"http:\/\/dl.dropboxusercontent.com\/u\/48819722\/union_lm\/Doppel.htm\" target=\"_blank\">Doppel<\/a><\/td>\n<td align=\"center\"><a href=\"http:\/\/dl.dropboxusercontent.com\/u\/48819722\/union_lm\/U18_Doppel.htm\" target=\"_blank\">U18 Doppel<\/a><\/td>\n<\/tr>\n<tr>\n<td align=\"center\"><a href=\"http:\/\/dl.dropboxusercontent.com\/u\/48819722\/union_lm\/S40.htm\" target=\"_blank\">Senioren 40+<\/a>\u00a0-&gt; <a href=\"https:\/\/dl.dropboxusercontent.com\/u\/48819722\/union_lm\/S40F.htm\" target=\"_blank\">Finalrunde<\/a><\/td>\n<td align=\"center\"><a href=\"http:\/\/dl.dropboxusercontent.com\/u\/48819722\/union_lm\/U15m.htm\" target=\"_blank\">U15 m<\/a>\u00a0-&gt; <a href=\"https:\/\/dl.dropboxusercontent.com\/u\/48819722\/union_lm\/U15mF.htm\" target=\"_blank\">Finalrunde<\/a><\/td>\n<\/tr>\n<tr>\n<td align=\"center\"><a href=\"http:\/\/dl.dropboxusercontent.com\/u\/48819722\/union_lm\/S55.htm\" target=\"_blank\">Senioren 55+<\/a>\u00a0-&gt; <a href=\"https:\/\/dl.dropboxusercontent.com\/u\/48819722\/union_lm\/S55F.htm\" target=\"_blank\">Finalrunde<\/a><\/td>\n<td align=\"center\"><a href=\"http:\/\/dl.dropboxusercontent.com\/u\/48819722\/union_lm\/U15w.htm\" target=\"_blank\">U15 w<\/a><\/td>\n<\/tr>\n<tr>\n<td align=\"center\"><a href=\"http:\/\/dl.dropboxusercontent.com\/u\/48819722\/union_lm\/S40_1200.htm\" target=\"_blank\">Senioren 1200 Punkte<\/a>\u00a0-&gt; <a href=\"https:\/\/dl.dropboxusercontent.com\/u\/48819722\/union_lm\/S40_1200F.htm\" target=\"_blank\">Finalrunde<\/a><\/td>\n<td align=\"center\"><a href=\"http:\/\/dl.dropboxusercontent.com\/u\/48819722\/union_lm\/U15_Doppel.htm\" target=\"_blank\">U15 Doppel<\/a><\/td>\n<\/tr>\n<tr>\n<td align=\"center\"><a href=\"http:\/\/dl.dropboxusercontent.com\/u\/48819722\/union_lm\/1600.htm\" target=\"_blank\">Einzel 1600 Punkte<\/a>\u00a0-&gt; <a href=\"https:\/\/dl.dropboxusercontent.com\/u\/48819722\/union_lm\/1600F.htm\" target=\"_blank\">Finalrunde<\/a><\/td>\n<td align=\"center\"><a href=\"http:\/\/dl.dropboxusercontent.com\/u\/48819722\/union_lm\/U13m.htm\" target=\"_blank\">U13 m<\/a>\u00a0-&gt; <a href=\"https:\/\/dl.dropboxusercontent.com\/u\/48819722\/union_lm\/U13mF.htm\" target=\"_blank\">Finalrunde<\/a><\/td>\n<\/tr>\n<tr>\n<td align=\"center\"><a href=\"http:\/\/dl.dropboxusercontent.com\/u\/48819722\/union_lm\/1300.htm\" target=\"_blank\">Einzel 1300 Punkte<\/a>\u00a0-&gt; <a href=\"https:\/\/dl.dropboxusercontent.com\/u\/48819722\/union_lm\/1300F.htm\" target=\"_blank\">Finalrunde<\/a><\/td>\n<td align=\"center\"><a href=\"http:\/\/dl.dropboxusercontent.com\/u\/48819722\/union_lm\/U13w.htm\" target=\"_blank\">U13 w<\/a>\u00a0-&gt; <a href=\"https:\/\/dl.dropboxusercontent.com\/u\/48819722\/union_lm\/U13wF.htm\" target=\"_blank\">Finalrunde<\/a><\/td>\n<\/tr>\n<tr>\n<td align=\"center\"><a href=\"http:\/\/dl.dropboxusercontent.com\/u\/48819722\/union_lm\/1000.htm\" target=\"_blank\">Einzel 1000 Punkte<\/a>\u00a0-&gt; <a href=\"https:\/\/dl.dropboxusercontent.com\/u\/48819722\/union_lm\/1000F.htm\" target=\"_blank\">Finalrunde<\/a><\/td>\n<td align=\"center\"><a href=\"http:\/\/dl.dropboxusercontent.com\/u\/48819722\/union_lm\/U13_Doppel.htm\" target=\"_blank\">U13 Doppel<\/a><\/td>\n<\/tr>\n<tr>\n<td align=\"center\"><a href=\"http:\/\/dl.dropboxusercontent.com\/u\/48819722\/union_lm\/Hobby.htm\" target=\"_blank\">Hobby gemischt<\/a>\u00a0-&gt; <a href=\"https:\/\/dl.dropboxusercontent.com\/u\/48819722\/union_lm\/HobbyF.htm\" target=\"_blank\">Finalrunde<\/a><\/td>\n<td align=\"center\"><a href=\"http:\/\/dl.dropboxusercontent.com\/u\/48819722\/union_lm\/U11m.htm\" target=\"_blank\">U11 m<\/a>\u00a0-&gt; <a href=\"https:\/\/dl.dropboxusercontent.com\/u\/48819722\/union_lm\/U11mF.htm\" target=\"_blank\">Finalrunde<\/a><\/td>\n<\/tr>\n<tr>\n<td align=\"center\"><a href=\"http:\/\/dl.dropboxusercontent.com\/u\/48819722\/union_lm\/Hobby_w.htm\" target=\"_blank\">Hobby weiblich<\/a><\/td>\n<td align=\"center\"><a href=\"http:\/\/dl.dropboxusercontent.com\/u\/48819722\/union_lm\/U11w.htm\" target=\"_blank\">U11w<\/a><\/td>\n<\/tr>\n<tr>\n<td align=\"center\"><a href=\"http:\/\/dl.dropboxusercontent.com\/u\/48819722\/union_lm\/Hobby_Doppel.htm\" target=\"_blank\">Hobby Doppel<\/a><\/td>\n<td align=\"center\"><a href=\"http:\/\/dl.dropboxusercontent.com\/u\/48819722\/union_lm\/U11_Doppel.htm\" target=\"_blank\">U11 Doppel<\/a><\/td>\n<\/tr>\n<tr>\n<td align=\"center\"><\/td>\n<td align=\"center\"><a href=\"http:\/\/dl.dropboxusercontent.com\/u\/48819722\/union_lm\/Hobby_U15m.htm\" target=\"_blank\">Hobby U15 m<\/a><\/td>\n<\/tr>\n<tr>\n<td align=\"center\"><\/td>\n<td align=\"center\"><a href=\"http:\/\/dl.dropboxusercontent.com\/u\/48819722\/union_lm\/Hobby_U15w.htm\" target=\"_blank\">Hobby U15 w<\/a><\/td>\n<\/tr>\n<tr>\n<td align=\"center\"><\/td>\n<td align=\"center\"><a href=\"http:\/\/dl.dropboxusercontent.com\/u\/48819722\/union_lm\/Hobby_U11.htm\" target=\"_blank\">Hobby U11<\/a>\u00a0-&gt; <a href=\"https:\/\/dl.dropboxusercontent.com\/u\/48819722\/union_lm\/Hobby_U11F.htm\" target=\"_blank\">Finalrunde<\/a><\/td>\n<\/tr>\n<tr>\n<td align=\"center\"><\/td>\n<td align=\"center\"><a href=\"http:\/\/dl.dropboxusercontent.com\/u\/48819722\/union_lm\/Hobby_U9.htm\" target=\"_blank\">Hobby U9<\/a><\/td>\n<\/tr>\n<\/tbody>\n<\/table>\n<p>&nbsp;<\/p>\n<p><strong>Auslosungen\u00a0<\/strong>(neu: 23.5.2013)<\/p>\n<ul>\n<li><a href=\"http:\/\/dl.dropboxusercontent.com\/u\/48819722\/union_lm\/Union-LM_2013-AK_Auslosung.pdf\" target=\"_blank\">Auslosungen Allgemeine Klasse und Senioren<\/a>\u00a0(pfd, neu: 23.5.2013)<\/li>\n<li><a href=\"http:\/\/dl.dropboxusercontent.com\/u\/48819722\/union_lm\/Union-LM_2013-NW_Auslosung.pdf\" target=\"_blank\">Auslosungen Nachwuchs<\/a>\u00a0(pfd, neu: 23.5.2013)<\/li>\n<\/ul>\n<p><strong>Teilnehmer\/innen inkl. Beginnzeiten und Nenngeld f\u00fcr jeden Teilnehmer<\/strong>\u00a0(neu: 23.5.2013)<\/p>\n<ul>\n<li><a href=\"https:\/\/www.dropbox.com\/s\/207mb9u1worztd1\/Union-LM_2013-AK_Teilnehmer_und_Bewerbe.pdf\" target=\"_blank\">Teilnehmerliste AK und Senioren<\/a>\u00a0(neu 22.5.2013)<\/li>\n<li><a href=\"https:\/\/www.dropbox.com\/s\/0s1w65p7hdiss0g\/Union-LM_2013-NW_Teilnehmer_und_Bewerbe.pdf\" target=\"_blank\">Teilnehmerliste Nachwuchs<\/a>\u00a0(neu 22.5.2013)<\/li>\n<\/ul>\n<p><strong>Ausschreibung<\/strong><\/p>\n<ul>\n<li><a href=\"http:\/\/xttv.oettv.info\/daten\/ranglisten\/2013-05-11_rl_noettv_mixed.htm\" target=\"_blank\">Stichtagsrangliste<\/a><\/li>\n<li><a href=\"https:\/\/www.dropbox.com\/s\/arh3we1ecbl1bim\/Zeitplan_UNION_LM_2013_StAW.pdf\" target=\"_blank\">Zeitplan<\/a>\u00a0(neu 20.5.2013)<\/li>\n<li><a href=\"http:\/\/xttv.oettv.info\/daten\/ranglisten\/2013-05-19_rl_noettv_mixed.htm\" target=\"_blank\">Setzungsrangliste<\/a>\u00a0(neu 21.5.2013)<\/li>\n<li><span style=\"font-size: 16px;\">Ausschreibung<\/span><\/li>\n<\/ul>\n<p>[wpfilebase tag=file id=52 \/]<\/p>\n","protected":false},"excerpt":{"rendered":"<p>(N\u00d6TTV Ranglistenturnier) Sa. 25. Mai und So. 26. Mai 2013 Volksschule St. Andr\u00e4-W\u00f6rdern \/ Turnhalle Greifensteinerstra\u00dfe 22 3423 St. Andr\u00e4-W\u00f6rdern Bilder vom Turnier Bilder Allgemeine Klasse und Senioren Bilder Nachwuchs Ergebnisse Ergebnisse Allgemeine Klasse und Senioren (pdf) Ergebnisse Nachwuchs (pdf) \u2026 <a class=\"continue-reading-link\" href=\"https:\/\/www.union-staw.at\/?page_id=1787\">weiterlesen <span class=\"meta-nav\">&rarr; <\/span><\/a><\/p>\n","protected":false},"author":4,"featured_media":0,"parent":0,"menu_order":0,"comment_status":"closed","ping_status":"closed","template":"","meta":{"footnotes":""},"class_list":["post-1787","page","type-page","status-publish","hentry"],"_links":{"self":[{"href":"https:\/\/www.union-staw.at\/index.php?rest_route=\/wp\/v2\/pages\/1787","targetHints":{"allow":["GET"]}}],"collection":[{"href":"https:\/\/www.union-staw.at\/index.php?rest_route=\/wp\/v2\/pages"}],"about":[{"href":"https:\/\/www.union-staw.at\/index.php?rest_route=\/wp\/v2\/types\/page"}],"author":[{"embeddable":true,"href":"https:\/\/www.union-staw.at\/index.php?rest_route=\/wp\/v2\/users\/4"}],"replies":[{"embeddable":true,"href":"https:\/\/www.union-staw.at\/index.php?rest_route=%2Fwp%2Fv2%2Fcomments&post=1787"}],"version-history":[{"count":55,"href":"https:\/\/www.union-staw.at\/index.php?rest_route=\/wp\/v2\/pages\/1787\/revisions"}],"predecessor-version":[{"id":1839,"href":"https:\/\/www.union-staw.at\/index.php?rest_route=\/wp\/v2\/pages\/1787\/revisions\/1839"}],"wp:attachment":[{"href":"https:\/\/www.union-staw.at\/index.php?rest_route=%2Fwp%2Fv2%2Fmedia&parent=1787"}],"curies":[{"name":"wp","href":"https:\/\/api.w.org\/{rel}","templated":true}]}}